- -82 - (6 + -17).
54
What is the value of (-48 - (49 - 92)) + (-21 - -1)?
-25
What is 0 + 39 - (32 + -19 - (-4 + 2))?
24
Evaluate -85 + (-6 - 2) + 185.
92
Evaluate (-82 - (-2 + -1)) + -5 + 4 + 20 + -22.
-82
(-1171 - -1263) + (-22 - -1) + -42
29
Evaluate 9 + (-11 - 9) + 39 + -19 + 54.
63
Evaluate 10 + (-8 - (2 + -11 - (-8 + -12))) - -31.
22
(16 - (3 + 2) - 20) + 14
5
What is the value of -17 + 16 + -6 + 31 + 11 + -14?
21
61 + 7 + -19 + 7 - (-5 - 6 - -19)
48
Calculate 1 - 59 - (-14 - (187 - 228)).
-85
What is -23 - (42 - 106 - -32)?
9
Calculate (-4 - -11) + 39 + (20 - 8) + -27.
31
Evaluate 85 - (-10 + 19) - (11 + -35 + 20).
80
Calculate (2 + 0 - (4 - (-8 + 4))) + 6.
0
Evaluate 54 + -79 + 25 - (2 + -6).
4
Calculate 36 + -25 + ((-4 - 1 - -59) + -4 - 7).
54
Calculate -10 + (5 - (6 + 7)) + (23 - (17 + -13)).
1
Evaluate 42 + 0 - (-3253 + 3276).
19
Calculate (-3 - 92) + -1183 + 1245.
-33
What is the value of (283 - (297 + -52)) + (0 + -2 - -10)?
46
Evaluate -9 - (12 + -70 + -1 + -18).
68
(-14 - -30 - -39) + -108
-53
12 + (2 - (1 - 22) - 4)
31
Calculate ((-4 - 2) + -4 - (-26 + (11 - 3))) + 51.
59
-8 + (6 - 1) + (36 + 12 - -2)
47
What is the value of -8 + 3 - 19 - (-11 + 4) - 13?
-30
Calculate (-51 - -20) + -39 + (-8 - 5).
-83
Calculate -9 + (-22 + 15 - -18) - (1 - -21).
-20
What is the value of 2 - 72 - (-300 - -241)?
-11
Calculate -9 + (-20 - -40) - 99 - (-10 - 1 - -4).
-81
Evaluate -27 - -7 - (6 + -25) - 6.
-7
Calculate 29 - (-2 + 3 - (145 + -175)).
-2
-1 + 2 + -2 + (73 + -15 - 17)
40
(-271 - -342) + -32 + 0
39
Evaluate (-11 - 0) + 9 + 1 + 14 + -20 + 63.
56
What is the value of (232 - 209) + (65 - 3) + -25?
60
-36 - -23 - ((45 - 42) + 1 + -28)
11
41 + -21 + 19 + -38 - 91 - (6 - 0)
-96
What is -35 + -21 + 64 + 9 + 3?
20
What is 25 - (72 + (-42 - 50))?
45
-6 + (9 - -1) + 3 + 5 + -1
11
Evaluate (7 - (14 - 4)) + (-1 - -49 - (600 - 600)).
45
What is the value of 1 + (-50 - -22) + 88?
61
13 - 10 - (41 + -109 + 3)
68
What is the value of -59 + 0 - (37 + 48 - 92)?
-52
What is the value of -32 - ((-42 - -34) + 14)?
-38
Evaluate (-77 - (-31 - 71)) + (10 - (3 - 1)).
33
Evaluate -3 - (16 + -13 + (1 - -6) + (-9 - -10)).
-14
What is 42 + 11 - (3 + (2 - 8) + 3 - 1)?
54
Evaluate -103 + (53 - (6 - 6)).
-50
What is 1 + -4 + -38 + (32 - 50 - (-15 + -5))?
-39
What is the value of (-4 - 49) + (733 - 711)?
-31
Evaluate 5 + (-2 - (3 + -7)) + (46 - 44).
9
What is 12 + 6 - ((8 - -7) + -9 + 107)?
-95
-13 + (-11 - ((-8 - (8 + 31)) + -5))
28
Calculate -121 + -35 + (4 + -14 - -76).
-90
What is 118 + -135 + -70 - -3?
-84
Calculate 29 + (-57 + -1 - (-118 - -157)).
-68
What is the value of 1 + 18 + -6 + 22?
35
Evaluate -9 + (2 - 10) + (-39 - -46) + 0 - -1.
-9
Calculate -7 + -114 - (111 - 91 - 41).
-100
What is -39 + -51 - -79 - 15?
-26
What is -1 + (5 - (-14 - (4 - 7)))?
15
Calculate 31 + ((1 - -9) + -10 - 11).
20
Calculate (1 + (-4 - -2) - 4) + -1 - (-34507 + 34544).
-43
What is 15 - (189 - 173 - (2 + -47))?
-46
What is the value of 56 - (-72 - (-35 + -62))?
31
What is -8 - (-32 + 20) - 20 - -8?
-8
Evaluate 16 + 17 + -1 + -61.
-29
What is 1 + (6 - 1) - (-556 - -602)?
-40
What is the value of (-31 + 37 - -13) + (-71 - (4 + -7))?
-49
Calculate -122 + -8 - (-75 - (25 + -77)).
-107
Evaluate 0 - ((-1 - -1) + (-3 - 4 - -13 - -27)).
-33
Evaluate (-100 - 3) + (6 - 18 - ((3 - 7) + -10)).
-101
(368 - 403) + (7 - 5)
-33
What is 36 + (-4 - (28 + -8 + -43))?
55
Calculate (25 - (28 - 44 - 6)) + 11 + 0.
58
74 + (-36 - -28) + -42
24
What is the value of 87 - (-12 + 12 - (-12 - -9) - -10)?
74
What is the value of (5 - -77) + -17 + (8 - -4) + -7?
70
Calculate (4 - -2) + (84 + -158 - (-16 + (-6 - -7))).
-53
Evaluate -1 - 67 - (1585 - 1717).
64
Evaluate 25 + (1 - 16) + 29.
39
Evaluate -7 + 18 + (9 - (2 - -47) - 9).
-38
Calculate (117 - (-114 + 171)) + (-8 - 0).
52
What is the value of 9 - 12 - (-25 + -12) - (9 + -1)?
26
Calculate -284 + 285 - (33 - (3 + (5 - 7))).
-31
What is 0 + 66 - (378 + -370)?
58
Evaluate 9 + -1 - (25 - 99 - (-145 - 38)).
-101
What is 12 - (11 + (25 - 34) + (1 - 23))?
32
Calculate 11 - (37 + (-28 - 24)).
26
What is (11 + -18 + -48 - 37) + 0 + 9 + -1?
-84
Evaluate 2 - (3 + -3 - -30) - (2 + -65 + 67).
-32
75 - (6 - (-4 + (5 - -19) - 12))
77
Evaluate 161 + -9 + (-74 - 20).
58
-3 + (-4 - 113) + (15 - 38) + 14
-129
Calculate 128 + -44 + (-12 - 14).
58
Calculate 23 + 1 - (52 - 19).
-9
What is the value of 0 + -11 - -7 - ((-34 - -23) + 28)?
-21
-314 + 284 + (-5 - -2 - -2)
-31
(264 - (78 + 34)) + -95
57
Calculate (-9 - ((-14 - 0) + 88 + -89)) + (0 - -62).
68
8 + -1 + -29 + 9 + 18 + -15
-10
What is 35 + -32 + -23 + 26 + (-52 - -1)?
-45
(-4 - -14 - 65) + (1 - -1 - -2) - 1
-52
What is (-84 - (13 - 58)) + 34 + 4?
-1
What is 0 + -11 + -5 + 9 - (0 + 4 + -10)?
-1
Calculate (1 - 9 - (44 - (30 - -25))) + -52.
-49
-8 - 81 - (-46 + 100 + -50)
-93
Evaluate (24 + 19 - (-6 + -17)) + (7 - 0) + -7.
66
What is the value of 13 - (23 + -5) - 11 - (7 - -4)?
-27
What is the value of -16 - (-26 + (15 - -30) + -30)?
-5
Calculate -127 + (58 - -85) + -47 + 2.
-29
What is -41 + -18 + 24 - (-39 + 57)?
-53
Evaluate 19 + -7 + (-5 - (-1 + -2)) + 17 + -13.
14
What is the value of -4 + 10 + 44 - (7 + -7 - -2) - 5?
43
What is the value of (219 - (-59 + 154)) + -6?
118
What is the value of 85 - (-9 - (-8 + (-8 - -10)) - -16)?
72
Calculate 80 + 1 - (-153 - -162 - -30).
42
What is the value of (6904 - 6933) + -1 + 43?
13
-23 + -93 - (1 + -17) - (-18 + 26)
-108
3 + -57 + 34 + 39
19
What is the value of (125 + -78 - 42) + (-1 - -25 - -2) - -8?
39
Evaluate 8 + (-10 - (11 + 8 - 54)).
33
Evaluate (-9 - (-8 + (0 - (2 + 5)))) + -16.
-10
-311 + 160 - (18 + -82) - (-4 + 0)
-83
What is the value of (-65 + (-24 - -8) - (-2 - 8)) + (-4 - -13)?
-62
Evaluate (27 - (1 - -8 - -122)) + -4 + 3.
-105
Calculate -26 + (57 - 62 - 11).
-42
Evaluate 25 - (-55 + 133 + -46).
-7
What is the value of (-40 + 20 + 18 - (-1 + 2)) + 69 + -2?
64
Calculate (6 - (-3 - (0 - -2))) + -3.
8
What is (1 + 11 - (4 + (22 - 16))) + (52 - 28)?
26
What is 3090 + -3008 + (-61 - 4)?
17
Evaluate 20 - (0 + -1 - (181 - 205)).
-3
Evaluate 4 + (-4 - 10) - (9 + (-5 - 0) + -34).
20
Calculate (-41 - -46) + (-6 - (-13 - (-8 - -3))).
7
Calculate -7 - (10 - (10 - (4 - 5))) - (0 + 6).
-12
Calculate (40 - (-26 + -2)) + -56.
12
Evaluate (-9 - -3) + -3 + -6 + 2 + 5 - 2.
-10
Evaluate (-3 - (3 + (-13 - 2))) + -22 + -22 + -16.
-51
Evaluate -29 + 0 + (-16 - -25) + -8 + -4 + 14.
-18
Calculate 15 - (1 - 3) - (16 - (-33 + 68)).
36
Calculate 3 - (5 + -14 + (12 - 53) + -1 + 12).
42
Calculate 124 - (-37 + -20 + 125).
56
What is -21 - (18 + (2 - (29 + 48)))?
36
-70 + -1 - (-40 + -26)
-5
(164 - 144) + (16 - 136 - -1)
-99
Calculate 80 + -46 - (-18 - -12).
40
What is the value of (-1 - -41) + 32 + -45 + 0 + 15?
42
(-98 + -29 - -52) + 39
-36
Evaluate (3 - 23) + 20 + 0 + -22.
-22
What is 49 + -8 + 1 + (-11 - -5) + -8?
28
Calculate (-1 - -18) + 48 + -99 + (63 - 23).
6
(160 - 81 - 68) + -78
-67
Calculate -1126 + 1138 - (-3 + 19 - -4).
-8
What is -28 + (4 - -17) - (4 - (-41 + -1 + -2))?
-55
What is 4 + -8 - (18 + -19 - (7 - -11))?
15
What is (36 - 45) + 6 + -20 - 15?
-38
What is (-6 - -5) + 1 + 1 + (3 - 19)?
-15
What is 78 + 16 + (-115 - 10)?
-31
-37 + -6 + (-7 - -44) + -23
-29
What is (-52 - (14 - (43 - 26))) + -21?
-70
(-1913 - -1809) + (-16 - -6)
-114
Calculate 0 + -6 - (242 - (209 + 2)).
-37
Evaluate (10 - (-3 - (13 - 20))) + 33 + 13.
52
Evaluate 6 + (-13 + (-19 - -10) - (-5 + -7)).
-4
Calculate 81 + -1 + -5418 + 5324.
-14
Evaluate (-1 + 4 - 4) + (2981 - 3008).
-28
55 - (12 - (36 + -17))
62
Evaluate -13 + (9 - (-82 + -4)) - (11 + (14 - 12)).
69
Evaluate -36 + 6 + (153 - 81).
42
Evaluate 23 - (10 - 20 - (-24 - -23)) - -23.
55
(-29 - (12 + -31 + 41 - -58)) + (1 - -1)
-107
Calculate (-14 - (-56 - 0)) + -77.
-35
Evaluate -2 - (-7 + 0) - (588 + -590) - 55.
-48
What is the value of -146 + (234 - 62) - (13 - 0)?
13
Evaluate (15 - (10 - -34)) + 36.
7
What is 3 - (-38 - -87 - 7)?
-39
(5 - (22 + 4 - -5)) + -360 + 352
-34
Evaluate 1 - 8 - (86 - -4 - ((37 - 36) + 17)).
-79
What is (-10 + (-5 - -12) - (1 - 2)) + (-334 - -289)?
-47
What is (2 + (7 - 10) - -16) + -7?
8
-3 + 15 + -10 + (-10 + 7 - -11)
10
Evaluate -68 - (-33 - (-12 + -15 - -11)) - 3.
-54
-74 - (-134 - (-34 + 18))
44
Calculate (6 - -9) + (-2 -